{"id":2380,"date":"2021-11-01T11:34:37","date_gmt":"2021-11-01T08:34:37","guid":{"rendered":"http:\/\/projekafa.com\/salsanama\/?page_id=2380"},"modified":"2021-11-01T17:34:01","modified_gmt":"2021-11-01T14:34:01","slug":"cerez-politikasi","status":"publish","type":"page","link":"https:\/\/salsanamaturkey.com\/?page_id=2380","title":{"rendered":"\u00c7erez Politikas\u0131"},"content":{"rendered":"\t\t<div data-elementor-type=\"wp-page\" data-elementor-id=\"2380\" class=\"elementor elementor-2380\">\n\t\t\t\t\t\t<section class=\"elementor-section elementor-top-section elementor-element elementor-element-86e37dc elementor-section-boxed elementor-section-height-default elementor-section-height-default\" data-id=\"86e37dc\" data-element_type=\"section\">\n\t\t\t\t\t\t<div class=\"elementor-container elementor-column-gap-default\">\n\t\t\t\t\t<div class=\"elementor-column elementor-col-100 elementor-top-column elementor-element elementor-element-1abfc12\" data-id=\"1abfc12\" data-element_type=\"column\">\n\t\t\t<div class=\"elementor-widget-wrap elementor-element-populated\">\n\t\t\t\t\t\t<div class=\"elementor-element elementor-element-cd59d0a elementor-widget elementor-widget-heading\" data-id=\"cd59d0a\" data-element_type=\"widget\" data-settings=\"{&quot;ekit_we_effect_on&quot;:&quot;none&quot;}\" data-widget_type=\"heading.default\">\n\t\t\t\t\t<h2 class=\"elementor-heading-title elementor-size-default\">\u00c7EREZ POL\u0130T\u0130KASI<\/h2>\t\t\t\t<\/div>\n\t\t\t\t<div class=\"elementor-element elementor-element-7dfe2b5 elementor-widget elementor-widget-text-editor\" data-id=\"7dfe2b5\" data-element_type=\"widget\" data-settings=\"{&quot;ekit_we_effect_on&quot;:&quot;none&quot;}\" data-widget_type=\"text-editor.default\">\n\t\t\t\t\t\t\t\t\t<p><a href=\"http:\/\/salsanamaturkey.com\/\">http:\/\/salsanamaturkey.com\/<\/a> internet sitemizden en verimli \u015fekilde faydalanabilmeniz ve kullan\u0131c\u0131 deneyiminizi geli\u015ftirebilmek i\u00e7in \u00e7erez kullan\u0131yoruz. \u00c7erez kullan\u0131lmas\u0131n\u0131 tercih etmezseniz taray\u0131c\u0131n\u0131z\u0131n ayarlar\u0131ndan \u00e7erezleri silebilir ya da engelleyebilirsiniz. Ancak bunun internet sitemizin t\u00fcm \u00f6zelliklerini kullan\u0131m\u0131n\u0131z\u0131 etkileyebilece\u011fini hat\u0131rlatmak isteriz. Taray\u0131c\u0131n\u0131zdan \u00e7erez ayarlar\u0131n\u0131z\u0131 de\u011fi\u015ftirmedi\u011finiz s\u00fcrece bu sitede \u00e7erez kullan\u0131m\u0131n\u0131 kabul etti\u011finizi varsayaca\u011f\u0131z.<\/p><p><br \/><br \/><\/p><p><strong>1.\u00c7erez Nedir ve Neden Kullan\u0131lmaktad\u0131r?\u00a0<\/strong><\/p><p>\u00a0<\/p><p>\u00c7erezler, ziyaret etti\u011finiz internet siteleri taraf\u0131ndan taray\u0131c\u0131lar arac\u0131l\u0131\u011f\u0131yla cihaz\u0131n\u0131za veya a\u011f sunucusuna depolanan k\u00fc\u00e7\u00fck metin dosyalar\u0131d\u0131r.<\/p><p>\u00a0<\/p><p>\u0130nternet sitemizde \u00e7erez kullan\u0131lmas\u0131n\u0131n ba\u015fl\u0131ca ama\u00e7lar\u0131 a\u015fa\u011f\u0131da say\u0131lmaktad\u0131r;\u00a0<\/p><p>\u00a0<\/p><ul><li>\u0130nternet sitesinin i\u015flevselli\u011fini ve performans\u0131n\u0131 artt\u0131rmak yoluyla sizlere sunulan hizmetleri geli\u015ftirmek,<\/li><li>\u0130nternet sitesini iyile\u015ftirmek ve internet sitesi \u00fczerinden yeni \u00f6zellikler sunmak ve sunulan \u00f6zellikleri sizlerin tercihlerine g\u00f6re ki\u015fiselle\u015ftirmek,<\/li><li>\u0130nternet sitesinin, sizin ve B\u00fc\u015fra &amp; Emek Dans Akademisi\u2019nin hukuki ve ticari g\u00fcvenli\u011finin teminini sa\u011flamak.<\/li><\/ul><p>\u00a0<\/p><ol start=\"2\"><li><strong>\u0130nternet Sitemizde Kullan\u0131lan \u00c7erez T\u00fcrleri<\/strong><\/li><\/ol><p>\u00a0<\/p><table><tbody><tr><td width=\"151\"><p><strong>\u00c7erez T\u00fcr\u00fc<\/strong><\/p><\/td><td width=\"453\"><p><strong>A\u00e7\u0131klamalar<\/strong><\/p><\/td><\/tr><tr><td width=\"151\"><p><strong>Oturum \u00c7erezleri<\/strong><\/p><\/td><td width=\"453\"><p>Oturum \u00e7erezleri, ziyaret\u00e7ilerimizin internet sitemizi ziyaretleri s\u00fcresince kullan\u0131lan, taray\u0131c\u0131 kapat\u0131ld\u0131ktan sonra silinen ge\u00e7ici \u00e7erezlerdir.<\/p><p>\u00a0<\/p><p>Bu t\u00fcr \u00e7erezlerin kullan\u0131lmas\u0131n\u0131n temel amac\u0131 ziyaretiniz s\u00fcresince internet sitemizin d\u00fczg\u00fcn bir bi\u00e7imde \u00e7al\u0131\u015fmas\u0131n\u0131 sa\u011flamakt\u0131r.\u00a0<\/p><\/td><\/tr><tr><td width=\"151\"><p><strong>Kal\u0131c\u0131 \u00c7erezler<\/strong><\/p><\/td><td width=\"453\"><p>Kal\u0131c\u0131 \u00e7erezler, internet sitesinin i\u015flevselli\u011fini art\u0131rmak, ziyaret\u00e7ilerimize daha h\u0131zl\u0131 ve iyi bir hizmet sunmak, sizi mevcut bir kullan\u0131c\u0131 olarak tan\u0131mak ve size \u00f6zel \u00f6neriler sunmak amac\u0131yla kullan\u0131lan \u00e7erez t\u00fcrleridir.<\/p><p>\u00a0<\/p><p>Kal\u0131c\u0131 \u00e7erezler sayesinde internet sitemizi cihaz\u0131n\u0131zla birden fazla kez ziyaret etmeniz durumunda, cihaz\u0131n\u0131zda internet sitemiz taraf\u0131ndan olu\u015fturulmu\u015f bir \u00e7erez olup olmad\u0131\u011f\u0131 kontrol edilir ve var ise, sizin siteyi daha \u00f6nce ziyaret etti\u011finiz anla\u015f\u0131l\u0131r ve size iletilecek i\u00e7erik bu do\u011frultuda belirlenir ve b\u00f6ylelikle sizlere daha iyi bir hizmet sunulur.\u00a0<\/p><\/td><\/tr><tr><td width=\"151\"><p><strong>Zorunlu \u00c7erezler<\/strong><\/p><\/td><td width=\"453\"><p>Web sitesinin d\u00fczg\u00fcn bir \u015fekilde \u00e7al\u0131\u015fabilmesi, sitenin \u00f6zelliklerinden ve sunulan hizmetlerden yararlanabilmeniz i\u00e7in kullan\u0131m\u0131 mecburi olan \u00e7erezlerdir.<\/p><\/td><\/tr><tr><td width=\"151\"><p><strong>\u0130\u015flevsel ve Analitik \u00c7erezler<\/strong><\/p><\/td><td width=\"453\"><p>Tercihlerinizin hat\u0131rlanmas\u0131, web sitesinin etkin \u015fekilde kullan\u0131lmas\u0131, sitenin isteklerinize cevap verecek \u015fekilde optimize edilmesi gibi ama\u00e7larla kullan\u0131lan ve siteyi nas\u0131l kulland\u0131\u011f\u0131n\u0131z hakk\u0131nda verileri i\u00e7eren \u00e7erezlerdir. Nitelikleri gere\u011fi bu t\u00fcrdeki \u00e7erezler ki\u015fisel verilerinizi i\u00e7erebilir. \u00d6rne\u011fin sitenin g\u00f6r\u00fcnt\u00fclenme dili tercihinizi kaydeden \u00e7erezler birer i\u015flevsel \u00e7erezdir.<\/p><\/td><\/tr><tr><td width=\"151\"><p><strong>Takip \u00c7erezleri<\/strong><\/p><\/td><td width=\"453\"><p>Takip \u00e7erezleri web sitemizi ve \u00fc\u00e7\u00fcnc\u00fc taraflara ait alan adlar\u0131n\u0131 ziyaretiniz s\u0131ras\u0131nda olu\u015fturulan birincil ve \u00fc\u00e7\u00fcnc\u00fc taraf \u00e7erezlerdir. Bu \u00e7erezler olu\u015fturulduklar\u0131 alan adlar\u0131ndaki t\u0131klama ve ziyaret ge\u00e7mi\u015finizin takibini, ve farkl\u0131 alan adlar\u0131 aras\u0131nda bu kay\u0131tlar\u0131n e\u015flenmesini m\u00fcmk\u00fcn k\u0131lmaktad\u0131r. Bu t\u00fcr \u00e7erezler kullan\u0131c\u0131lar\u0131n tan\u0131nmas\u0131 ve profillenmesi, reklam ve pazarlama faaliyetlerinin hedeflenmesi, ve i\u00e7eri\u011fin \u00f6zelle\u015ftirilmesi amac\u0131 ile kullan\u0131lmaktad\u0131r. Bu \u00e7erezler kimli\u011finizi belirlemek veya \u015fahs\u0131n\u0131za \u00f6zel kararlar almak i\u00e7in kullan\u0131lmayacakt\u0131r.<\/p><p>\u00a0<\/p><\/td><\/tr><\/tbody><\/table><p>\u00a0<\/p><ol start=\"3\"><li><strong>\u0130nternet Sitemizde Kullan\u0131lan \u00c7erezler<\/strong><\/li><\/ol><p>\u00a0<\/p><table><tbody><tr><td width=\"302\"><p><strong>\u00c7erez<\/strong><\/p><\/td><td width=\"302\"><p><strong>A\u00e7\u0131klamalar<\/strong><\/p><\/td><\/tr><tr><td width=\"302\"><p><strong>Ki\u015fisel ve Analitik \u00c7erezler<\/strong><\/p><\/td><td width=\"302\"><p>Google Analytics\u00a0 hizmeti;<\/p><p>\u00a0<\/p><p>Ziyaret\u00e7i say\u0131s\u0131,<\/p><p>Demografik \u00d6zellikler (\u00fclke, \u015fehir, cinsiyet, ilgi alanlar\u0131, ya\u015f aral\u0131\u011f\u0131 vb.)<\/p><p>Kullan\u0131lan cihaz ve sistem bilgisi,<\/p><p>IP adresi,<\/p><p>Ziyaret edilen sayfalar<\/p><p><strong>\u00a0<\/strong><\/p><\/td><\/tr><tr><td width=\"302\"><p><strong>\u00a0<\/strong><\/p><\/td><td width=\"302\"><p><strong>\u00a0<\/strong><\/p><\/td><\/tr><\/tbody><\/table><p>\u00a0<\/p><ol start=\"4\"><li><strong>\u00c7erez Kullan\u0131m\u0131n\u0131n Engellenmesi\u00a0<\/strong><\/li><\/ol><p>\u00a0<\/p><table><tbody><tr><td width=\"160\"><p><strong>Google Chrome<\/strong><\/p><\/td><td width=\"444\"><p><a href=\"https:\/\/support.google.com\/chrome\/answer\/95647?hl=en\">https:\/\/support.google.com\/chrome\/answer\/95647?hl=en<\/a><\/p><\/td><\/tr><tr><td width=\"160\"><p><strong>Internet Explorer<\/strong><\/p><\/td><td width=\"444\"><p><a href=\"https:\/\/support.microsoft.com\/en-us\/help\/260971\/description-of-cookies\">https:\/\/support.microsoft.com\/en-us\/help\/260971\/description-of-cookies<\/a><\/p><\/td><\/tr><tr><td width=\"160\"><p><strong>Mozilla Firefox<\/strong><\/p><\/td><td width=\"444\"><p><a href=\"https:\/\/support.mozilla.org\/en-US\/kb\/cookies-information-websites-store-on-your-computer\">https:\/\/support.mozilla.org\/en-US\/kb\/cookies-information-websites-store-on-your-computer<\/a><\/p><\/td><\/tr><tr><td width=\"160\"><p><strong>Safari<\/strong><\/p><\/td><td width=\"444\"><p><a href=\"https:\/\/support.apple.com\/kb\/PH5042?locale=en_US\">https:\/\/support.apple.com\/kb\/PH5042?locale=en_US<\/a><\/p><\/td><\/tr><\/tbody><\/table><p>\u0130\u015fbu \u00c7erez Politikas\u0131\u2019nda belirtilen usullerle profilleme i\u015flemi ger\u00e7ekle\u015ftirilebilmekte, sitemizin geli\u015ftirilebilmesi i\u00e7in gerekli faaliyet y\u00fcr\u00fct\u00fclmektedir.<br \/><br \/>\u015eirketimiz taraf\u0131ndan d\u00fczenlenen i\u015fbu \u00c7erez Politikas\u0131 ki\u015fisel bilgi uygulamalar\u0131m\u0131z\u0131n g\u00f6sterilmesi amac\u0131yla, \u00f6nceden haber verilmeksizin periyodik olarak g\u00fcncellenebilir. \u00c7erez Politikam\u0131zda \u00f6nemli herhangi bir de\u011fi\u015fiklik yap\u0131lmas\u0131 durumunda, internet sitemizde g\u00f6ze \u00e7arpan bir bildirim yer alacak ve bu surette bilgilendirme yap\u0131lacakt\u0131r. Ek olarak, i\u015fbu \u00c7erez Politikas\u0131\u2019n\u0131n son g\u00fcncellenme tarihini i\u015fbu \u00c7erez Politikas\u0131\u2019n\u0131n en \u00fcst k\u0131sm\u0131nda bulabilirsiniz.<\/p>\t\t\t\t\t\t\t\t<\/div>\n\t\t\t\t\t<\/div>\n\t\t<\/div>\n\t\t\t\t\t<\/div>\n\t\t<\/section>\n\t\t\t\t<\/div>\n\t\t","protected":false},"excerpt":{"rendered":"<p>\u00c7EREZ POL\u0130T\u0130KASI http:\/\/salsanamaturkey.com\/ internet sitemizden en verimli \u015fekilde faydalanabilmeniz ve kullan\u0131c\u0131 deneyiminizi geli\u015ftirebilmek i\u00e7in \u00e7erez kullan\u0131yoruz. \u00c7erez kullan\u0131lmas\u0131n\u0131 tercih etmezseniz taray\u0131c\u0131n\u0131z\u0131n ayarlar\u0131ndan \u00e7erezleri silebilir ya da engelleyebilirsiniz. Ancak bunun internet sitemizin t\u00fcm \u00f6zelliklerini kullan\u0131m\u0131n\u0131z\u0131 etkileyebilece\u011fini hat\u0131rlatmak isteriz. Taray\u0131c\u0131n\u0131zdan \u00e7erez ayarlar\u0131n\u0131z\u0131 de\u011fi\u015ftirmedi\u011finiz s\u00fcrece bu sitede \u00e7erez kullan\u0131m\u0131n\u0131 kabul etti\u011finizi varsayaca\u011f\u0131z. 1.\u00c7erez Nedir ve Neden Kullan\u0131lmaktad\u0131r?\u00a0 \u00c7erezler, [&hellip;]<\/p>\n","protected":false},"author":1,"featured_media":0,"parent":0,"menu_order":0,"comment_status":"closed","ping_status":"closed","template":"","meta":{"footnotes":""},"class_list":["post-2380","page","type-page","status-publish","hentry"],"_links":{"self":[{"href":"https:\/\/salsanamaturkey.com\/index.php?rest_route=\/wp\/v2\/pages\/2380","targetHints":{"allow":["GET"]}}],"collection":[{"href":"https:\/\/salsanamaturkey.com\/index.php?rest_route=\/wp\/v2\/pages"}],"about":[{"href":"https:\/\/salsanamaturkey.com\/index.php?rest_route=\/wp\/v2\/types\/page"}],"author":[{"embeddable":true,"href":"https:\/\/salsanamaturkey.com\/index.php?rest_route=\/wp\/v2\/users\/1"}],"replies":[{"embeddable":true,"href":"https:\/\/salsanamaturkey.com\/index.php?rest_route=%2Fwp%2Fv2%2Fcomments&post=2380"}],"version-history":[{"count":5,"href":"https:\/\/salsanamaturkey.com\/index.php?rest_route=\/wp\/v2\/pages\/2380\/revisions"}],"predecessor-version":[{"id":2385,"href":"https:\/\/salsanamaturkey.com\/index.php?rest_route=\/wp\/v2\/pages\/2380\/revisions\/2385"}],"wp:attachment":[{"href":"https:\/\/salsanamaturkey.com\/index.php?rest_route=%2Fwp%2Fv2%2Fmedia&parent=2380"}],"curies":[{"name":"wp","href":"https:\/\/api.w.org\/{rel}","templated":true}]}}